emainder when 3289607 is divided by 126.
125
What is the remainder when 9128 is divided by 944?
632
Calculate the remainder when 1004810 is divided by 1038.
26
Calculate the remainder when 8260642 is divided by 2110.
2102
Calculate the remainder when 16575004 is divided by 266.
12
What is the remainder when 131457 is divided by 33?
18
What is the remainder when 239129 is divided by 1657?
521
What is the remainder when 19324 is divided by 3391?
2369
Calculate the remainder when 239956 is divided by 2151.
1195
What is the remainder when 24392 is divided by 24203?
189
Calculate the remainder when 1266118 is divided by 74.
52
Calculate the remainder when 8452 is divided by 2114.
2110
Calculate the remainder when 31340714 is divided by 18158.
6
Calculate the remainder when 22207118 is divided by 229.
72
What is the remainder when 4523505 is divided by 23?
3
Calculate the remainder when 42506152 is divided by 4.
0
What is the remainder when 4173 is divided by 1430?
1313
Calculate the remainder when 78961083 is divided by 122.
121
Calculate the remainder when 5612916 is divided by 14655.
51
Calculate the remainder when 72501 is divided by 169.
0
What is the remainder when 72366 is divided by 3615?
66
What is the remainder when 46049 is divided by 253?
3
Calculate the remainder when 45494944 is divided by 13.
1
What is the remainder when 847602 is divided by 423792?
18
Calculate the remainder when 4025713 is divided by 1341875.
88
What is the remainder when 528155 is divided by 176051?
2
What is the remainder when 4891985 is divided by 1231?
1222
Calculate the remainder when 9483854 is divided by 766.
8
What is the remainder when 2934480 is divided by 733617?
12
Calculate the remainder when 102822 is divided by 961.
956
Calculate the remainder when 673946 is divided by 168456.
122
Calculate the remainder when 3512861 is divided by 596.
37
Calculate the remainder when 24288 is divided by 3780.
1608
What is the remainder when 6606366 is divided by 3303159?
48
What is the remainder when 131878 is divided by 8791?
13
Calculate the remainder when 17299675 is divided by 863.
840
What is the remainder when 733968 is divided by 109?
71
What is the remainder when 9437 is divided by 6?
5
Calculate the remainder when 1783123 is divided by 74296.
19
What is the remainder when 36603 is divided by 35094?
1509
What is the remainder when 4419485 is divided by 250?
235
What is the remainder when 31834580 is divided by 740339?
3
What is the remainder when 8129775 is divided by 12262?
69
Calculate the remainder when 24745401 is divided by 261.
252
Calculate the remainder when 375627 is divided by 43.
22
What is the remainder when 4114748317 is divided by 19?
17
What is the remainder when 147119 is divided by 9194?
15
What is the remainder when 96867 is divided by 2255?
2157
Calculate the remainder when 47050770 is divided by 1421.
39
Calculate the remainder when 22839 is divided by 4304.
1319
Calculate the remainder when 21109035 is divided by 5828.
19
What is the remainder when 1595819 is divided by 138?
125
Calculate the remainder when 921792 is divided by 921704.
88
Calculate the remainder when 32824 is divided by 10924.
52
Calculate the remainder when 4200518 is divided by 13.
10
What is the remainder when 208940 is divided by 29837?
81
Calculate the remainder when 1133331 is divided by 1291.
1124
Calculate the remainder when 52598667 is divided by 20.
7
What is the remainder when 162981 is divided by 81332?
317
Calculate the remainder when 67077 is divided by 13274.
707
What is the remainder when 3328768 is divided by 222?
100
What is the remainder when 6301234 is divided by 225044?
2
Calculate the remainder when 32919732 is divided by 429.
417
What is the remainder when 1239798 is divided by 206596?
222
What is the remainder when 15197743 is divided by 1961?
1954
Calculate the remainder when 106331 is divided by 206.
35
What is the remainder when 2360174 is divided by 2401?
2392
Calculate the remainder when 216422693 is divided by 13676.
13669
What is the remainder when 374635 is divided by 6925?
685
Calculate the remainder when 30336 is divided by 5834.
1166
What is the remainder when 103146 is divided by 1267?
519
What is the remainder when 13758 is divided by 325?
108
What is the remainder when 5861439 is divided by 68955?
264
Calculate the remainder when 19687 is divided by 6193.
1108
Calculate the remainder when 2269942 is divided by 140.
122
What is the remainder when 4432879 is divided by 1709?
1442
What is the remainder when 16408707 is divided by 17?
1
Calculate the remainder when 8029999 is divided by 64758.
7
Calculate the remainder when 1761437 is divided by 179.
77
What is the remainder when 24125457 is divided by 3989?
3974
What is the remainder when 15648555 is divided by 80?
75
What is the remainder when 881117 is divided by 275?
17
What is the remainder when 201261 is divided by 807?
318
Calculate the remainder when 436553 is divided by 145222.
887
What is the remainder when 21641724 is divided by 10820853?
18
What is the remainder when 7227338 is divided by 65703?
8
Calculate the remainder when 39997 is divided by 1006.
763
What is the remainder when 83469951 is divided by 95?
6
What is the remainder when 1197971 is divided by 130?
21
What is the remainder when 197145 is divided by 1821?
477
What is the remainder when 12323176 is divided by 60705?
61
Calculate the remainder when 63896199 is divided by 425.
424
What is the remainder when 212230 is divided by 5052?
46
What is the remainder when 96084 is divided by 73?
16
What is the remainder when 5989116 is divided by 86?
76
What is the remainder when 7632384 is divided by 17?
13
Calculate the remainder when 5724546 is divided by 9263.
12
Calculate the remainder when 1285438 is divided by 195.
193
What is the remainder when 10426 is divided by 2603?
14
Calculate the remainder when 261426201 is divided by 4868.
4865
Calculate the remainder when 897401 is divided by 5937.
914
What is the remainder when 2622072 is divided by 18?
12
Calculate the remainder when 5087473 is divided by 847908.
25
What is the remainder when 1049220 is divided by 2411?
435
Calculate the remainder when 407173 is divided by 239.
156
What is the remainder when 350696 is divided by 3076?
32
What is the remainder when 4250927 is divided by 163494?
83
Calculate the remainder when 988192 is divided by 175.
142
What is the remainder when 10462 is divided by 1645?
592
What is the remainder when 911210 is divided by 2866?
2688
What is the remainder when 14357337 is divided by 859?
11
Calculate the remainder when 35279571 is divided by 111.
108
What is the remainder when 68540 is divided by 94?
14
Calculate the remainder when 232846 is divided by 57544.
2670
Calculate the remainder when 187039248 is divided by 234.
6
Calculate the remainder when 1223019 is divided by 611459.
101
What is the remainder when 480686474 is divided by 16?
10
Calculate the remainder when 149201 is divided by 16572.
53
What is the remainder when 3138491 is divided by 33?
26
Calculate the remainder when 3822193 is divided by 1305.
1153
What is the remainder when 1154092 is divided by 8549?
8526
What is the remainder when 140509 is divided by 3605?
3519
Calculate the remainder when 21387 is divided by 20728.
659
What is the remainder when 18385844 is divided by 191?
184
Calculate the remainder when 119149 is divided by 3398.
219
Calculate the remainder when 3160587 is divided by 274.
271
Calculate the remainder when 120362 is divided by 28141.
7798
What is the remainder when 817512 is divided by 817506?
6
Calculate the remainder when 71114 is divided by 11699.
920
What is the remainder when 59112 is divided by 19462?
726
Calculate the remainder when 697949 is divided by 99707.
0
What is the remainder when 33283 is divided by 15455?
2373
What is the remainder when 92277 is divided by 30000?
2277
Calculate the remainder when 68254 is divided by 34.
16
Calculate the remainder when 11087 is divided by 3271.
1274
Calculate the remainder when 2011230 is divided by 263.
69
Calculate the remainder when 227371 is divided by 1307.
1260
Calculate the remainder when 43967317 is divided by 72.
13
Calculate the remainder when 13182768 is divided by 14.
4
What is the re